{"id":18,"date":"2019-09-27T08:54:41","date_gmt":"2019-09-27T08:54:41","guid":{"rendered":"https:\/\/www.anderkamera.de\/?page_id=18"},"modified":"2026-03-26T12:38:20","modified_gmt":"2026-03-26T12:38:20","slug":"ueber-mich","status":"publish","type":"page","link":"https:\/\/www.anderkamera.de\/?page_id=18","title":{"rendered":"\u00dcber mich&#8230;"},"content":{"rendered":"\n<p><\/p>\n\n\n\n<p>Meine Leidenschaft f\u00fcr die Fotografie begann in den 80er Jahren. Mit 7 Jahren bekam ich eine Pocket-Kamera von Agfa, die leider heute nicht mehr existiert. Sie war technisch sehr einfach, doch sie weckte in mir die Faszination, Momente festzuhalten. <\/p>\n\n\n\n<p>Mit den Jahren entwickelte ich mich weiter: von der Olympus Stylus, die mich lange begleitete, bis hin zur Nikon F65 \u2013 meiner ersten Spiegelreflexkamera. Dieser Schritt war f\u00fcr mich ein echter Meilenstein, er\u00f6ffnete sie mir doch komplett neue Welten der Fotografie: Blende, Belichtungszeit, Wechselobjektive und Blitze schufen ganz andere Bilder als zuvor.<\/p>\n\n\n\n<p>2010 habe ich mir die erste digitale Spiegelreflexkamera zugelegt, eine Nikon D60. Sp\u00e4ter dann die D7000. Seit 2019 fotografiere ich mit der Nikon D750 im Vollformat.<\/p>\n\n\n\n<p>Doch die analoge Fotografie hat mich nie ganz losgelassen. Besonders meine Nikon F2 aus dem Jahr 1974, die ich 2014 in Freiburg entdeckte, ist bis heute eine meiner liebsten Kameras.<\/p>\n\n\n\n<p>F\u00fcr mich bedeutet Fotografie mehr als nur Technik. Sie ist eine M\u00f6glichkeit, die Welt durch meine Augen einzufangen und Geschichten zu erz\u00e4hlen. Jedes Foto ist f\u00fcr mich ein kleines Kunstwerk, das Emotionen und Erinnerungen transportiert.<\/p>\n\n\n\n<p>Ansonsten hier noch einige Fun-Facts:<\/p>\n\n\n\n<p>liebt Pizza Funghi<br>spielt leidenschaftlich gerne Schlagzeug<br>kauft noch CDs und Schallplatten<br>hatte die Haare mal schlumpfblau gef\u00e4rbt<br>versucht sich stets an selbstgemachter Pizza zu \u00fcbertreffen<\/p>\n","protected":false},"excerpt":{"rendered":"<p>Meine Leidenschaft f\u00fcr die Fotografie begann in den 80er Jahren. Mit 7 Jahren bekam ich eine Pocket-Kamera von Agfa, die leider heute nicht mehr existiert. Sie war technisch sehr einfach,<\/p>\n<p class=\"more-link\"><a href=\"https:\/\/www.anderkamera.de\/?page_id=18\" class=\"readmore\">Weiterlesen&#8230;<svg class=\"icon icon-arrow-right\" aria-hidden=\"true\" role=\"img\"> <use href=\"#icon-arrow-right\" xlink:href=\"#icon-arrow-right\"><\/use> <\/svg><span class=\"screen-reader-text\">\u00dcber mich&#8230;<\/span><\/a><\/p>\n","protected":false},"author":1,"featured_media":86,"parent":0,"menu_order":0,"comment_status":"closed","ping_status":"closed","template":"","meta":{"ngg_post_thumbnail":0,"footnotes":""},"class_list":["post-18","page","type-page","status-publish","has-post-thumbnail","hentry"],"_links":{"self":[{"href":"https:\/\/www.anderkamera.de\/index.php?rest_route=\/wp\/v2\/pages\/18","targetHints":{"allow":["GET"]}}],"collection":[{"href":"https:\/\/www.anderkamera.de\/index.php?rest_route=\/wp\/v2\/pages"}],"about":[{"href":"https:\/\/www.anderkamera.de\/index.php?rest_route=\/wp\/v2\/types\/page"}],"author":[{"embeddable":true,"href":"https:\/\/www.anderkamera.de\/index.php?rest_route=\/wp\/v2\/users\/1"}],"replies":[{"embeddable":true,"href":"https:\/\/www.anderkamera.de\/index.php?rest_route=%2Fwp%2Fv2%2Fcomments&post=18"}],"version-history":[{"count":8,"href":"https:\/\/www.anderkamera.de\/index.php?rest_route=\/wp\/v2\/pages\/18\/revisions"}],"predecessor-version":[{"id":943,"href":"https:\/\/www.anderkamera.de\/index.php?rest_route=\/wp\/v2\/pages\/18\/revisions\/943"}],"wp:featuredmedia":[{"embeddable":true,"href":"https:\/\/www.anderkamera.de\/index.php?rest_route=\/wp\/v2\/media\/86"}],"wp:attachment":[{"href":"https:\/\/www.anderkamera.de\/index.php?rest_route=%2Fwp%2Fv2%2Fmedia&parent=18"}],"curies":[{"name":"wp","href":"https:\/\/api.w.org\/{rel}","templated":true}]}}